{"id":7187,"date":"2026-02-09T20:23:12","date_gmt":"2026-02-10T01:23:12","guid":{"rendered":"https:\/\/cedetafro.org\/?page_id=7187"},"modified":"2026-02-11T01:40:45","modified_gmt":"2026-02-11T06:40:45","slug":"politica-de-privacidad","status":"publish","type":"page","link":"http:\/\/cedetafro.org\/politica-de-privacidad\/","title":{"rendered":"Polit\u00edca de privacidad"},"content":{"rendered":"\t\t<div data-elementor-type=\"wp-page\" data-elementor-id=\"7187\" class=\"elementor elementor-7187\" data-elementor-settings=\"{&quot;ha_cmc_init_switcher&quot;:&quot;no&quot;}\" data-elementor-post-type=\"page\">\n\t\t\t\t<div class=\"elementor-element elementor-element-8e4acf3 e-con-full e-flex e-con e-parent\" data-id=\"8e4acf3\" data-element_type=\"container\" data-e-type=\"container\" data-settings=\"{&quot;background_background&quot;:&quot;classic&quot;,&quot;_ha_eqh_enable&quot;:false}\">\n\t\t\t\t<div class=\"elementor-element elementor-element-f254680 elementor-widget elementor-widget-heading\" data-id=\"f254680\" data-element_type=\"widget\" data-e-type=\"widget\" data-widget_type=\"heading.default\">\n\t\t\t\t\t<h2 class=\"elementor-heading-title elementor-size-default\">Polit\u00edcas de privacidad<\/h2>\t\t\t\t<\/div>\n\t\t\t\t<\/div>\n\t\t<div class=\"elementor-element elementor-element-79c2c95 e-con-full e-flex e-con e-parent\" data-id=\"79c2c95\" data-element_type=\"container\" data-e-type=\"container\" data-settings=\"{&quot;_ha_eqh_enable&quot;:false}\">\n\t\t\t\t<div class=\"elementor-element elementor-element-c2dbdbd elementor-widget elementor-widget-text-editor\" data-id=\"c2dbdbd\" data-element_type=\"widget\" data-e-type=\"widget\" data-widget_type=\"text-editor.default\">\n\t\t\t\t\t\t\t\t\t<p class=\"p1\">El Centro de Desarrollo \u00c9tnico \u2013 CEDET, en adelante <b>CEDET<\/b>, en su calidad de responsable del tratamiento de datos personales, informa a las personas usuarias que los datos personales proporcionados ser\u00e1n tratados conforme a lo dispuesto en la <b>Ley N.\u00b0 29733, Ley de Protecci\u00f3n de Datos Personales<\/b>, su Reglamento y dem\u00e1s normas aplicables.<\/p><p class=\"p1\">Los datos personales recopilados ser\u00e1n utilizados exclusivamente para fines institucionales vinculados a la gesti\u00f3n de comunicaciones, actividades, proyectos, procesos formativos, donaciones, articulaciones y dem\u00e1s acciones propias del objeto social de CEDET. El tratamiento de los datos se realiza bajo los principios de legalidad, consentimiento, finalidad, proporcionalidad, seguridad y confidencialidad.<\/p><p class=\"p1\">CEDET no cede, vende ni transfiere datos personales a terceros sin el consentimiento previo del titular, salvo en los supuestos legalmente permitidos o cuando sea requerido por autoridad competente. Asimismo, CEDET adopta medidas t\u00e9cnicas, organizativas y legales razonables para garantizar la seguridad de los datos personales y prevenir su uso no autorizado.<\/p><p class=\"p1\">Las personas titulares de los datos pueden ejercer en cualquier momento sus derechos de acceso, rectificaci\u00f3n, cancelaci\u00f3n y oposici\u00f3n (derechos ARCO), conforme a la normativa vigente, mediante comunicaci\u00f3n dirigida a los canales institucionales de CEDET.<\/p>\t\t\t\t\t\t\t\t<\/div>\n\t\t\t\t<\/div>\n\t\t\t\t<\/div>\n\t\t","protected":false},"excerpt":{"rendered":"<p>Polit\u00edcas de privacidad El Centro de Desarrollo \u00c9tnico \u2013 CEDET, en adelante CEDET, en su calidad de responsable del tratamiento de datos personales, informa a las personas usuarias que los datos personales proporcionados ser\u00e1n tratados conforme a lo dispuesto en la Ley N.\u00b0 29733, Ley de Protecci\u00f3n de Datos Personales, su Reglamento y dem\u00e1s normas [&hellip;]<\/p>\n","protected":false},"author":2,"featured_media":0,"parent":0,"menu_order":0,"comment_status":"closed","ping_status":"closed","template":"","meta":{"site-sidebar-layout":"no-sidebar","site-content-layout":"page-builder","ast-site-content-layout":"full-width-container","site-content-style":"default","site-sidebar-style":"default","ast-global-header-display":"","ast-banner-title-visibility":"","ast-main-header-display":"","ast-hfb-above-header-display":"","ast-hfb-below-header-display":"","ast-hfb-mobile-header-display":"","site-post-title":"","ast-breadcrumbs-content":"","ast-featured-img":"disabled","footer-sml-layout":"","ast-disable-related-posts":"","theme-transparent-header-meta":"","adv-header-id-meta":"","stick-header-meta":"","header-above-stick-meta":"","header-main-stick-meta":"","header-below-stick-meta":"","astra-migrate-meta-layouts":"set","ast-page-background-enabled":"default","ast-page-background-meta":{"desktop":{"background-color":"var(--ast-global-color-4)","background-image":"","background-repeat":"repeat","background-position":"center center","background-size":"auto","background-attachment":"scroll","background-type":"","background-media":"","overlay-type":"","overlay-color":"","overlay-opacity":"","overlay-gradient":""},"tablet":{"background-color":"","background-image":"","background-repeat":"repeat","background-position":"center center","background-size":"auto","background-attachment":"scroll","background-type":"","background-media":"","overlay-type":"","overlay-color":"","overlay-opacity":"","overlay-gradient":""},"mobile":{"background-color":"","background-image":"","background-repeat":"repeat","background-position":"center center","background-size":"auto","background-attachment":"scroll","background-type":"","background-media":"","overlay-type":"","overlay-color":"","overlay-opacity":"","overlay-gradient":""}},"ast-content-background-meta":{"desktop":{"background-color":"var(--ast-global-color-5)","background-image":"","background-repeat":"repeat","background-position":"center center","background-size":"auto","background-attachment":"scroll","background-type":"","background-media":"","overlay-type":"","overlay-color":"","overlay-opacity":"","overlay-gradient":""},"tablet":{"background-color":"var(--ast-global-color-5)","background-image":"","background-repeat":"repeat","background-position":"center center","background-size":"auto","background-attachment":"scroll","background-type":"","background-media":"","overlay-type":"","overlay-color":"","overlay-opacity":"","overlay-gradient":""},"mobile":{"background-color":"var(--ast-global-color-5)","background-image":"","background-repeat":"repeat","background-position":"center center","background-size":"auto","background-attachment":"scroll","background-type":"","background-media":"","overlay-type":"","overlay-color":"","overlay-opacity":"","overlay-gradient":""}},"footnotes":""},"class_list":["post-7187","page","type-page","status-publish","hentry"],"_links":{"self":[{"href":"http:\/\/cedetafro.org\/wp-json\/wp\/v2\/pages\/7187","targetHints":{"allow":["GET"]}}],"collection":[{"href":"http:\/\/cedetafro.org\/wp-json\/wp\/v2\/pages"}],"about":[{"href":"http:\/\/cedetafro.org\/wp-json\/wp\/v2\/types\/page"}],"author":[{"embeddable":true,"href":"http:\/\/cedetafro.org\/wp-json\/wp\/v2\/users\/2"}],"replies":[{"embeddable":true,"href":"http:\/\/cedetafro.org\/wp-json\/wp\/v2\/comments?post=7187"}],"version-history":[{"count":10,"href":"http:\/\/cedetafro.org\/wp-json\/wp\/v2\/pages\/7187\/revisions"}],"predecessor-version":[{"id":7378,"href":"http:\/\/cedetafro.org\/wp-json\/wp\/v2\/pages\/7187\/revisions\/7378"}],"wp:attachment":[{"href":"http:\/\/cedetafro.org\/wp-json\/wp\/v2\/media?parent=7187"}],"curies":[{"name":"wp","href":"https:\/\/api.w.org\/{rel}","templated":true}]}}